{"id":61,"date":"2018-07-10T09:03:43","date_gmt":"2018-07-10T09:03:43","guid":{"rendered":"https:\/\/jardinerosdecantabria.com\/?page_id=61"},"modified":"2018-07-11T09:27:47","modified_gmt":"2018-07-11T09:27:47","slug":"contrate-a-un-jardinero-profesional-contrate-a-un-jardinero-de-ajac","status":"publish","type":"page","link":"https:\/\/jardinerosdecantabria.com\/?page_id=61","title":{"rendered":"Contrate a un jardinero profesional, contrate a un jardinero de AJAC."},"content":{"rendered":"<h2><\/h2>\n<h2>Contrate a un jardinero profesional, contrate a un jardinero de AJAC<\/h2>\n<p>La Asociaci\u00f3n de jardineros de Cantabria (AJAC), surge a finales del 2010, gracias a que un amplio grupo de jardineros de toda la regi\u00f3n fund\u00f3 la primera plataforma por la utilizaci\u00f3n de los puntos limpios de CAntabria.<\/p>\n<p>Esta plataforma surgi\u00f3 por la necesidad de mantener abiertos los puntos limpios de la regi\u00f3n, para la gesti\u00f3n de los residuos de los vecinos de Cantabria, as\u00ed como para participar en un foro abierto con la consejer\u00eda de medio ambiente y MARE en las gesti\u00f3n de los puntos limpios. A esta plataforma se unieron COERCAN y cientos de aut\u00f3nomos empresas de todos los sectores , as\u00ed como numerosos ciudadanos de Cantabria. En enero de 2011, la consejer\u00eda de Medio Ambiente se comprometi\u00f3 con la plataforma a seguir utilizando los puntos limpios como se ven\u00eda haciendo hasta ese momento.<\/p>\n<p>Tras este encuentro, los jardineros decidieron fundar esta asociaci\u00f3n, a la que todos los profesionales del gremio son bienvenidos. Los principales objetivos de AJAC son:<\/p>\n<ul>\n<li><strong>Prioritarios:<\/strong><\/li>\n<\/ul>\n<ol>\n<li>Profesionalizaci\u00f3n del sector: mediante cursos de formaci\u00f3n (riesgos laborales, poda- injertos, fitosanitarios, plagas y enfermedades, reciclado y compostaje, etc.).<\/li>\n<li>Actuaciones sobre la competencia desleal.<\/li>\n<li>Convenios y ventajas comerciales: Con clientes, proveedores, otros profesionales (mec\u00e1nicos, decoradores, corredores de seguros, etc.\u2026).<\/li>\n<li>Captaci\u00f3n de nuevos asociados.<\/li>\n<\/ol>\n<ul>\n<li><strong>Otros objetivos:<\/strong><\/li>\n<\/ul>\n<ol start=\"5\">\n<li>Atender los problemas puntuales que afecten al sector.<\/li>\n<li>Colaboraci\u00f3n y control con MARE y la Consejer\u00eda de Medio Ambiente del Gobierno de Cantabria, con especial atenci\u00f3n a la gesti\u00f3n de los puntos limpios.<\/li>\n<li>Publicidad y difusi\u00f3n: WEB, notas de prensa\u2026.<\/li>\n<li>Crear un foro interno sobre las calidades de las herramientas y maquinarias que se utilizan en el sector, as\u00ed como compartir recomendaciones t\u00e9cnicas. Crear una biblioteca t\u00e9cnica.<\/li>\n<li>Asesorar a nuevos profesionales.<\/li>\n<li>Contactar con otras asociaciones profesionales.<\/li>\n<li>Generar una bolsa de empleo e intercambio de servicios.<\/li>\n<\/ol>\n","protected":false},"excerpt":{"rendered":"<p>Contrate a un jardinero profesional, contrate a un jardinero de AJAC La Asociaci\u00f3n de jardineros de Cantabria (AJAC), surge a &hellip; <a href=\"https:\/\/jardinerosdecantabria.com\/?page_id=61\" class=\"more-link\">Continue reading <span class=\"screen-reader-text\">Contrate a un jardinero profesional, contrate a un jardinero de AJAC.<\/span><\/a><\/p>\n","protected":false},"author":1,"featured_media":11,"parent":0,"menu_order":0,"comment_status":"closed","ping_status":"closed","template":"page-templates\/no-sidebar.php","meta":{"jetpack_post_was_ever_published":false,"footnotes":""},"class_list":["post-61","page","type-page","status-publish","has-post-thumbnail","hentry"],"jetpack_sharing_enabled":true,"jetpack_shortlink":"https:\/\/wp.me\/Pa44ln-Z","_links":{"self":[{"href":"https:\/\/jardinerosdecantabria.com\/index.php?rest_route=\/wp\/v2\/pages\/61","targetHints":{"allow":["GET"]}}],"collection":[{"href":"https:\/\/jardinerosdecantabria.com\/index.php?rest_route=\/wp\/v2\/pages"}],"about":[{"href":"https:\/\/jardinerosdecantabria.com\/index.php?rest_route=\/wp\/v2\/types\/page"}],"author":[{"embeddable":true,"href":"https:\/\/jardinerosdecantabria.com\/index.php?rest_route=\/wp\/v2\/users\/1"}],"replies":[{"embeddable":true,"href":"https:\/\/jardinerosdecantabria.com\/index.php?rest_route=%2Fwp%2Fv2%2Fcomments&post=61"}],"version-history":[{"count":3,"href":"https:\/\/jardinerosdecantabria.com\/index.php?rest_route=\/wp\/v2\/pages\/61\/revisions"}],"predecessor-version":[{"id":249,"href":"https:\/\/jardinerosdecantabria.com\/index.php?rest_route=\/wp\/v2\/pages\/61\/revisions\/249"}],"wp:featuredmedia":[{"embeddable":true,"href":"https:\/\/jardinerosdecantabria.com\/index.php?rest_route=\/wp\/v2\/media\/11"}],"wp:attachment":[{"href":"https:\/\/jardinerosdecantabria.com\/index.php?rest_route=%2Fwp%2Fv2%2Fmedia&parent=61"}],"curies":[{"name":"wp","href":"https:\/\/api.w.org\/{rel}","templated":true}]}}