{"id":529,"date":"2026-03-04T18:02:37","date_gmt":"2026-03-04T18:02:37","guid":{"rendered":"https:\/\/jardinerosdecantabria.com\/?page_id=529"},"modified":"2026-03-04T18:02:37","modified_gmt":"2026-03-04T18:02:37","slug":"gabriel-fionn-grober","status":"publish","type":"page","link":"https:\/\/jardinerosdecantabria.com\/?page_id=529","title":{"rendered":"GABRIEL FIONN GR\u00d6BER"},"content":{"rendered":"\n<h2 class=\"wp-block-heading\">GABRIEL FIONN GR\u00d6BER<\/h2>\n\n\n\n<p>Gabriel Fionn Gr\u00f6ber<br>Barrio San Andr\u00e9s 38<br>Los Corrales de Buelna<br>39400<br>662 67 41 23<br>gabriel.groeber@gmail.com<\/p>\n","protected":false},"excerpt":{"rendered":"<p>GABRIEL FIONN GR\u00d6BER Gabriel Fionn Gr\u00f6berBarrio San Andr\u00e9s 38Los Corrales de Buelna39400662 67 41 23gabriel.groeber@gmail.com<\/p>\n","protected":false},"author":1,"featured_media":0,"parent":0,"menu_order":0,"comment_status":"closed","ping_status":"closed","template":"page-templates\/no-sidebar.php","meta":{"jetpack_post_was_ever_published":false,"footnotes":""},"class_list":["post-529","page","type-page","status-publish","hentry"],"jetpack_sharing_enabled":true,"jetpack_shortlink":"https:\/\/wp.me\/Pa44ln-8x","_links":{"self":[{"href":"https:\/\/jardinerosdecantabria.com\/index.php?rest_route=\/wp\/v2\/pages\/529","targetHints":{"allow":["GET"]}}],"collection":[{"href":"https:\/\/jardinerosdecantabria.com\/index.php?rest_route=\/wp\/v2\/pages"}],"about":[{"href":"https:\/\/jardinerosdecantabria.com\/index.php?rest_route=\/wp\/v2\/types\/page"}],"author":[{"embeddable":true,"href":"https:\/\/jardinerosdecantabria.com\/index.php?rest_route=\/wp\/v2\/users\/1"}],"replies":[{"embeddable":true,"href":"https:\/\/jardinerosdecantabria.com\/index.php?rest_route=%2Fwp%2Fv2%2Fcomments&post=529"}],"version-history":[{"count":1,"href":"https:\/\/jardinerosdecantabria.com\/index.php?rest_route=\/wp\/v2\/pages\/529\/revisions"}],"predecessor-version":[{"id":530,"href":"https:\/\/jardinerosdecantabria.com\/index.php?rest_route=\/wp\/v2\/pages\/529\/revisions\/530"}],"wp:attachment":[{"href":"https:\/\/jardinerosdecantabria.com\/index.php?rest_route=%2Fwp%2Fv2%2Fmedia&parent=529"}],"curies":[{"name":"wp","href":"https:\/\/api.w.org\/{rel}","templated":true}]}}

GABRIEL FIONN GRÖBER

<h2 class="wp-block-heading">GABRIEL FIONN GRÖBER</h2>



<p>Gabriel Fionn Gröber<br>Barrio San Andrés 38<br>Los Corrales de Buelna<br>39400<br>662 67 41 23<br>gabriel.groeber@gmail.com</p>

<p>GABRIEL FIONN GRÖBER Gabriel Fionn GröberBarrio San Andrés 38Los Corrales de Buelna39400662 67 41 23gabriel.groeber@gmail.com</p>
